{"id":513,"date":"2016-05-11T13:48:44","date_gmt":"2016-05-11T13:48:44","guid":{"rendered":"http:\/\/wpoffice\/enfold-fitness\/?page_id=513"},"modified":"2025-02-28T23:31:37","modified_gmt":"2025-02-28T23:31:37","slug":"contacto","status":"publish","type":"page","link":"https:\/\/beltway.tur.ar\/travel\/contacto\/","title":{"rendered":"Contacto"},"content":{"rendered":"<div id='av_section_1'  class='avia-section av-5k3ggx-10ad36e22b82ef63ed61bd579b1c50de main_color avia-section-large avia-no-border-styling  avia-builder-el-0  el_before_av_section  avia-builder-el-first  avia-bg-style-scroll container_wrap fullsize'  ><div class='container av-section-cont-open' ><main  role=\"main\" itemprop=\"mainContentOfPage\"  class='template-page content  av-content-full alpha units'><div class='post-entry post-entry-type-page post-entry-513'><div class='entry-content-wrapper clearfix'>\n\n<style type=\"text\/css\" data-created_by=\"avia_inline_auto\" id=\"style-css-av-5boaw1-e97b2dbfbe9902b2bdbf9eeae9ae77ff\">\n#top .av-special-heading.av-5boaw1-e97b2dbfbe9902b2bdbf9eeae9ae77ff{\npadding-bottom:30px;\nfont-size:50px;\n}\nbody .av-special-heading.av-5boaw1-e97b2dbfbe9902b2bdbf9eeae9ae77ff .av-special-heading-tag .heading-char{\nfont-size:25px;\n}\n#top #wrap_all .av-special-heading.av-5boaw1-e97b2dbfbe9902b2bdbf9eeae9ae77ff .av-special-heading-tag{\nfont-size:50px;\n}\n.av-special-heading.av-5boaw1-e97b2dbfbe9902b2bdbf9eeae9ae77ff .av-subheading{\nfont-size:15px;\n}\n\n@media only screen and (min-width: 480px) and (max-width: 767px){ \n#top #wrap_all .av-special-heading.av-5boaw1-e97b2dbfbe9902b2bdbf9eeae9ae77ff .av-special-heading-tag{\nfont-size:0.8em;\n}\n}\n\n@media only screen and (max-width: 479px){ \n#top #wrap_all .av-special-heading.av-5boaw1-e97b2dbfbe9902b2bdbf9eeae9ae77ff .av-special-heading-tag{\nfont-size:0.8em;\n}\n}\n<\/style>\n<div  class='av-special-heading av-5boaw1-e97b2dbfbe9902b2bdbf9eeae9ae77ff av-special-heading-h1 blockquote modern-quote  avia-builder-el-1  el_before_av_one_third  avia-builder-el-first  av-thin-font av-inherit-size'><h1 class='av-special-heading-tag '  itemprop=\"headline\"  >Contactanos<strong>.<\/strong><\/h1><div class=\"special-heading-border\"><div class=\"special-heading-inner-border\"><\/div><\/div><\/div>\n\n<style type=\"text\/css\" data-created_by=\"avia_inline_auto\" id=\"style-css-av-572gzd-452300338fc7d498c708a4cbcb65e433\">\n.flex_column.av-572gzd-452300338fc7d498c708a4cbcb65e433{\nborder-radius:0px 0px 0px 0px;\npadding:0px 0px 0px 0px;\n}\n<\/style>\n<div  class='flex_column av-572gzd-452300338fc7d498c708a4cbcb65e433 av_one_third  avia-builder-el-2  el_after_av_heading  el_before_av_one_third  first flex_column_div av-zero-column-padding  '     ><p>\n<style type=\"text\/css\" data-created_by=\"avia_inline_auto\" id=\"style-css-av-1u8nl-7f7ff9492b534fbd44017f07d1ab3e9d\">\n#top .hr.hr-invisible.av-1u8nl-7f7ff9492b534fbd44017f07d1ab3e9d{\nheight:10px;\n}\n<\/style>\n<div  class='hr av-1u8nl-7f7ff9492b534fbd44017f07d1ab3e9d hr-invisible  avia-builder-el-3  el_before_av_textblock  avia-builder-el-first '><span class='hr-inner '><span class=\"hr-inner-style\"><\/span><\/span><\/div><br \/>\n\n<style type=\"text\/css\" data-created_by=\"avia_inline_auto\" id=\"style-css-av-hbqvd-7235403c576bf2f9428cec4e06ed81c5\">\n#top .av_textblock_section.av-hbqvd-7235403c576bf2f9428cec4e06ed81c5 .avia_textblock{\ncolor:#3d3c3c;\n}\n<\/style>\n<section  class='av_textblock_section av-hbqvd-7235403c576bf2f9428cec4e06ed81c5 '   itemscope=\"itemscope\" itemtype=\"https:\/\/schema.org\/CreativeWork\" ><div class='avia_textblock av_inherit_color'  itemprop=\"text\" ><p><span style=\"color: #808080;\">Sin lugar a dudas, no todos tenemos las mismas necesidades, presupuestos o simplemente, los\u00a0mismos gustos.\u00a0Es por ello, que adem\u00e1s de todas las opciones de paquetes, promociones y salidas especiales que\u00a0tenemos para ofrecerte, con nosotros, tambi\u00e9n ten\u00e9s la posibilidad de armar el viaje de tus sue\u00f1os a tu\u00a0medida!!<\/span><\/p>\n<p><span style=\"color: #808080;\">Para lograrlo, ponemos a tu disposici\u00f3n toda nuestra experiencia y conocimiento, para que nos cuentes sobre \u201ctu viaje\u201d y juntos podamos armar una propuesta que se ajuste a lo\u00a0que estas buscando.<\/span><\/p>\n<\/div><\/section><\/p><\/div>\n<style type=\"text\/css\" data-created_by=\"avia_inline_auto\" id=\"style-css-av-4o223d-a7322f368e9504744c503eb3103b0a39\">\n.flex_column.av-4o223d-a7322f368e9504744c503eb3103b0a39{\nborder-radius:0px 0px 0px 0px;\npadding:0px 0px 0px 0px;\n}\n<\/style>\n<div  class='flex_column av-4o223d-a7322f368e9504744c503eb3103b0a39 av_one_third  avia-builder-el-5  el_after_av_one_third  el_before_av_one_third  flex_column_div av-zero-column-padding  '     ><p>\n<style type=\"text\/css\" data-created_by=\"avia_inline_auto\" id=\"style-css-av-g5mo1-3c248bddfd61c691bc8cd1a239c9dbf1\">\n#top .hr.hr-invisible.av-g5mo1-3c248bddfd61c691bc8cd1a239c9dbf1{\nheight:10px;\n}\n<\/style>\n<div  class='hr av-g5mo1-3c248bddfd61c691bc8cd1a239c9dbf1 hr-invisible  avia-builder-el-6  el_before_av_textblock  avia-builder-el-first '><span class='hr-inner '><span class=\"hr-inner-style\"><\/span><\/span><\/div><br \/>\n<section  class='av_textblock_section av-4bwfgp-671d940adf1c136ba85e143853d72108 '   itemscope=\"itemscope\" itemtype=\"https:\/\/schema.org\/CreativeWork\" ><div class='avia_textblock av_inherit_color'  itemprop=\"text\" ><h4><\/h4>\n<h4><span style=\"color: #808080;\">Direcci\u00f3n<\/span><\/h4>\n<p><span style=\"color: #808080;\"><strong>OFICINA CENTRAL<\/strong><\/span><\/p>\n<blockquote>\n<style type=\"text\/css\" data-created_by=\"avia_inline_auto\" id=\"style-css-av-481nbl-1125c77d219135d885c348fb78d8524c\">\n.av_font_icon.av-481nbl-1125c77d219135d885c348fb78d8524c{\ncolor:#0070e8;\nborder-color:#0070e8;\n}\n.avia-svg-icon.av-481nbl-1125c77d219135d885c348fb78d8524c svg:first-child{\nstroke:#0070e8;\nfill:#0070e8;\n}\n.av_font_icon.av-481nbl-1125c77d219135d885c348fb78d8524c .av-icon-char{\nfont-size:40px;\nline-height:40px;\n}\n<\/style>\n<span  class='av_font_icon av-481nbl-1125c77d219135d885c348fb78d8524c avia_animate_when_visible av-icon-style- avia-icon-pos-left avia-iconfont avia-font-entypo-fontello avia-icon-animate'><span class='av-icon-char' data-av_icon='\ue842' data-av_iconfont='entypo-fontello' aria-hidden=\"true\" ><\/span><\/span><\/blockquote>\n<p><a href=\"https:\/\/goo.gl\/maps\/zk66W7M6UM2g2mqeA\" target=\"_blank\" rel=\"noopener noreferrer\"><strong><span style=\"color: #3366ff;\">AV. SAN MARTIN 287<\/span><\/strong><\/a><br \/>\nBariloche, Patagonia, Argentina.<\/p>\n<blockquote>\n<style type=\"text\/css\" data-created_by=\"avia_inline_auto\" id=\"style-css-av-43angh-ea10bf59cc9d7b9026ec1df3c8bfa31c\">\n.av_font_icon.av-43angh-ea10bf59cc9d7b9026ec1df3c8bfa31c{\ncolor:#0070e8;\nborder-color:#0070e8;\n}\n.avia-svg-icon.av-43angh-ea10bf59cc9d7b9026ec1df3c8bfa31c svg:first-child{\nstroke:#0070e8;\nfill:#0070e8;\n}\n.av_font_icon.av-43angh-ea10bf59cc9d7b9026ec1df3c8bfa31c .av-icon-char{\nfont-size:40px;\nline-height:40px;\n}\n<\/style>\n<span  class='av_font_icon av-43angh-ea10bf59cc9d7b9026ec1df3c8bfa31c avia_animate_when_visible av-icon-style- avia-icon-pos-left avia-iconfont avia-font-entypo-fontello avia-icon-animate'><span class='av-icon-char' data-av_icon='\ue854' data-av_iconfont='entypo-fontello' aria-hidden=\"true\" ><\/span><\/span><\/blockquote>\n<p>WHATS APP: <a href=\"https:\/\/api.whatsapp.com\/send?phone+542944344822\"><strong>+54 9 294 4344822<\/strong><\/a><\/p>\n<blockquote>\n<p style=\"text-align: left;\">\n<style type=\"text\/css\" data-created_by=\"avia_inline_auto\" id=\"style-css-av-3u0gld-0fde42bf979dade6745862d2f2c12c10\">\n.av_font_icon.av-3u0gld-0fde42bf979dade6745862d2f2c12c10{\ncolor:#0070e8;\nborder-color:#0070e8;\n}\n.avia-svg-icon.av-3u0gld-0fde42bf979dade6745862d2f2c12c10 svg:first-child{\nstroke:#0070e8;\nfill:#0070e8;\n}\n.av_font_icon.av-3u0gld-0fde42bf979dade6745862d2f2c12c10 .av-icon-char{\nfont-size:40px;\nline-height:40px;\n}\n<\/style>\n<span  class='av_font_icon av-3u0gld-0fde42bf979dade6745862d2f2c12c10 avia_animate_when_visible av-icon-style- avia-icon-pos-left avia-iconfont avia-font-entypo-fontello avia-icon-animate'><span class='av-icon-char' data-av_icon='\ue805' data-av_iconfont='entypo-fontello' aria-hidden=\"true\" ><\/span><\/span>\n<\/p>\n<\/blockquote>\n<p>CORREO:\u00a0<strong><a href=\"mailot:info@beltway.com.ar\">info@beltway.com.ar<\/a><\/strong><\/p>\n<\/div><\/section><\/p><\/div>\n<style type=\"text\/css\" data-created_by=\"avia_inline_auto\" id=\"style-css-av-3qqkrl-b8912694f607aa19f76b9b150a3a1206\">\n.flex_column.av-3qqkrl-b8912694f607aa19f76b9b150a3a1206{\nborder-radius:0px 0px 0px 0px;\npadding:0px 0px 0px 0px;\n}\n<\/style>\n<div  class='flex_column av-3qqkrl-b8912694f607aa19f76b9b150a3a1206 av_one_third  avia-builder-el-11  el_after_av_one_third  avia-builder-el-last  flex_column_div av-zero-column-padding  '     ><p>\n<style type=\"text\/css\" data-created_by=\"avia_inline_auto\" id=\"style-css-av-3mlfxt-26556c04ffc276d81225c3af98b0df40\">\n#top .hr.hr-invisible.av-3mlfxt-26556c04ffc276d81225c3af98b0df40{\nheight:10px;\n}\n<\/style>\n<div  class='hr av-3mlfxt-26556c04ffc276d81225c3af98b0df40 hr-invisible  avia-builder-el-12  el_before_av_codeblock  avia-builder-el-first '><span class='hr-inner '><span class=\"hr-inner-style\"><\/span><\/span><\/div><br \/>\n<\/p><\/div>\n\n<\/div><\/div><\/main><!-- close content main element --><\/div><\/div>\n<style type=\"text\/css\" data-created_by=\"avia_inline_auto\" id=\"style-css-av-35wdtl-ea16bae578f2f5d089f0169639145b5f\">\n.avia-section.av-35wdtl-ea16bae578f2f5d089f0169639145b5f{\nbackground-color:#ffffff;\nbackground-image:url(https:\/\/beltway.tur.ar\/travel\/wp-content\/uploads\/2016\/02\/16818801412_a192ab2ee4_o-1030x654.jpg);\nbackground-repeat:no-repeat;\nbackground-position:50% 50%;\nbackground-attachment:fixed;\n}\n.avia-section.av-35wdtl-ea16bae578f2f5d089f0169639145b5f .av-section-color-overlay{\nopacity:0.2;\nbackground-color:#000000;\n}\n<\/style>\n<div id='av_section_2'  class='avia-section av-35wdtl-ea16bae578f2f5d089f0169639145b5f alternate_color avia-section-small avia-no-border-styling  avia-builder-el-14  el_after_av_section  el_before_av_two_fifth  avia-full-stretch avia-bg-style-fixed av-section-color-overlay-active container_wrap fullsize'  data-section-bg-repeat='stretch'><div class=\"av-section-color-overlay-wrap\"><div class=\"av-section-color-overlay\"><\/div><div class='container av-section-cont-open' ><div class='template-page content  av-content-full alpha units'><div class='post-entry post-entry-type-page post-entry-513'><div class='entry-content-wrapper clearfix'>\n\n<style type=\"text\/css\" data-created_by=\"avia_inline_auto\" id=\"style-css-av-30zcd5-c9b58fc564a1fbf9ee4ea7452252c326\">\n.flex_column.av-30zcd5-c9b58fc564a1fbf9ee4ea7452252c326{\nborder-radius:0px 0px 0px 0px;\npadding:0px 0px 0px 0px;\n}\n<\/style>\n<div  class='flex_column av-30zcd5-c9b58fc564a1fbf9ee4ea7452252c326 av_one_full  avia-builder-el-15  avia-builder-el-no-sibling  first flex_column_div av-zero-column-padding  '     ><p>\n<style type=\"text\/css\" data-created_by=\"avia_inline_auto\" id=\"style-css-av-2z3rht-06666b2fe5d0a5d0f42b6d85f8121146\">\n.avia-image-container.av-2z3rht-06666b2fe5d0a5d0f42b6d85f8121146 img.avia_image{\nbox-shadow:none;\n}\n.avia-image-container.av-2z3rht-06666b2fe5d0a5d0f42b6d85f8121146 .av-image-caption-overlay-center{\ncolor:#ffffff;\n}\n<\/style>\n<div  class='avia-image-container av-2z3rht-06666b2fe5d0a5d0f42b6d85f8121146 av-styling- avia-align-center  avia-builder-el-16  el_before_av_contact  avia-builder-el-first '   itemprop=\"image\" itemscope=\"itemscope\" itemtype=\"https:\/\/schema.org\/ImageObject\" ><div class=\"avia-image-container-inner\"><div class=\"avia-image-overlay-wrap\"><img fetchpriority=\"high\" class='wp-image-1936 avia-img-lazy-loading-not-1936 avia_image ' src='https:\/\/beltway.tur.ar\/travel\/wp-content\/uploads\/2016\/05\/banner.jpg' alt='' title='banner'  height=\"298\" width=\"916\"  itemprop=\"thumbnailUrl\"  \/><\/div><\/div><\/div><br \/>\n<form action=\"https:\/\/beltway.tur.ar\/travel\/contacto\/\" method=\"post\" data-fields-with-error=\"Found errors in the following field(s):\" class=\"avia_ajax_form av-form-labels-hidden   avia-builder-el-17  el_after_av_image  avia-builder-el-last   \" data-avia-form-id=\"1\" data-avia-redirect='' ><fieldset><p class='  first_form  form_element form_element_half' id='element_avia_1_1'><label for=\"avia_1_1\">Apellido, Nombre <abbr class=\"required\" title=\"requerido\">*<\/abbr><\/label> <input name=\"avia_1_1\" class=\"text_input is_empty\" type=\"text\" id=\"avia_1_1\" value=\"\"  placeholder='Apellido, Nombre*'\/><\/p><p class='  form_element form_element_half' id='element_avia_2_1'><label for=\"avia_2_1\">E-Mail <abbr class=\"required\" title=\"requerido\">*<\/abbr><\/label> <input name=\"avia_2_1\" class=\"text_input is_email\" type=\"text\" id=\"avia_2_1\" value=\"\"  placeholder='E-Mail*'\/><\/p><p class='  first_form  form_element form_element_third' id='element_avia_3_1'><label for=\"avia_3_1\">Ciudad \/ Pa\u00eds<\/label> <input name=\"avia_3_1\" class=\"text_input \" type=\"text\" id=\"avia_3_1\" value=\"\"  placeholder='Ciudad \/ Pa\u00eds'\/><\/p><p class='  form_element form_element_third' id='element_avia_4_1'><label for=\"avia_4_1\">Telefono <abbr class=\"required\" title=\"requerido\">*<\/abbr><\/label> <input name=\"avia_4_1\" class=\"text_input is_empty\" type=\"text\" id=\"avia_4_1\" value=\"\"  placeholder='Telefono*'\/><\/p><p class='  form_element form_element_third' id='element_avia_5_1'><label for=\"avia_5_1\">Hotel<\/label> <input name=\"avia_5_1\" class=\"text_input \" type=\"text\" id=\"avia_5_1\" value=\"\"  placeholder='Hotel'\/><\/p><p class='  first_form  form_element form_fullwidth' id='element_avia_6_1'><label for=\"avia_6_1\" class=\"textare_label hidden textare_label_avia_6_1\">Contanos mas sobre tu viaje para ayudarte <abbr class=\"required\" title=\"requerido\">*<\/abbr><\/label><textarea  placeholder='Contanos mas sobre tu viaje para ayudarte*' name=\"avia_6_1\" class=\"text_area is_empty\" cols=\"40\" rows=\"7\" id=\"avia_6_1\" ><\/textarea><\/p><p class=\"hidden\"><input type=\"text\" name=\"avia_7_1\" class=\"hidden \" id=\"avia_7_1\" value=\"\" \/><\/p><p class='   form_element form_fullwidth' id='element_avia_8_1'><span class='value_verifier_label'>2 + 1 = ?<\/span><input name=\"avia_8_1_verifier\" type=\"hidden\" id=\"avia_8_1_verifier\" value=\"346763355\"\/><label for=\"avia_8_1\">Para mayor seguridad, responde la siguiente pregunta <abbr class=\"required\" title=\"requerido\">*<\/abbr><\/label><input name=\"avia_8_1\" class=\"text_input captcha\" type=\"text\" id=\"avia_8_1\" value=\"\"\/><\/p><p class=\"form_element \"><input type=\"hidden\" value=\"1\" name=\"avia_generated_form1\" \/><input type=\"submit\" value=\"Enviar\" class=\"button\"  data-sending-label=\"Enviando\"\/><\/p><\/fieldset><\/form><div id=\"ajaxresponse_1\" class=\"ajaxresponse ajaxresponse_1 hidden\"><\/div><\/p><\/div><\/div><\/div><\/div><!-- close content main div --><\/div><\/div><\/div><div id='after_section_2'  class='main_color av_default_container_wrap container_wrap fullsize'  ><div class='container av-section-cont-open' ><div class='template-page content  av-content-full alpha units'><div class='post-entry post-entry-type-page post-entry-513'><div class='entry-content-wrapper clearfix'>\n<style type=\"text\/css\" data-created_by=\"avia_inline_auto\" id=\"style-css-av-1jkcqp-fa85167e82ec5270a5c8e8df1fc3a9be\">\n.flex_column.av-1jkcqp-fa85167e82ec5270a5c8e8df1fc3a9be{\nborder-radius:0px 0px 0px 0px;\npadding:0px 0px 0px 0px;\nbackground-color:#ffffff;\n}\n<\/style>\n<div  class='flex_column av-1jkcqp-fa85167e82ec5270a5c8e8df1fc3a9be av_two_fifth  avia-builder-el-18  el_after_av_section  el_before_av_three_fifth  avia-builder-el-first  first flex_column_div av-zero-column-padding  '     ><p><br \/>\n\n<style type=\"text\/css\" data-created_by=\"avia_inline_auto\" id=\"style-css-av-1955sp-b1c31a01b17232985a85d23434d830ca\">\n#top .av_textblock_section.av-1955sp-b1c31a01b17232985a85d23434d830ca .avia_textblock{\ncolor:#0a0a0a;\n}\n<\/style>\n<section  class='av_textblock_section av-1955sp-b1c31a01b17232985a85d23434d830ca '   itemscope=\"itemscope\" itemtype=\"https:\/\/schema.org\/CreativeWork\" ><div class='avia_textblock av_inherit_color'  itemprop=\"text\" ><\/div><\/section><\/p><\/div><\/p>\n\n<style type=\"text\/css\" data-created_by=\"avia_inline_auto\" id=\"style-css-av-12dwup-91ff77c92ad25f2b88285c218738baca\">\n.flex_column.av-12dwup-91ff77c92ad25f2b88285c218738baca{\nborder-radius:0px 0px 0px 0px;\npadding:0px 0px 0px 0px;\n}\n<\/style>\n<div  class='flex_column av-12dwup-91ff77c92ad25f2b88285c218738baca av_three_fifth  avia-builder-el-21  el_after_av_two_fifth  el_before_av_one_half  flex_column_div av-zero-column-padding  '     ><\/div>\n\n<style type=\"text\/css\" data-created_by=\"avia_inline_auto\" id=\"style-css-av-r48op-6a8e45363e2d72a617b81f7a687938f1\">\n.flex_column.av-r48op-6a8e45363e2d72a617b81f7a687938f1{\nborder-radius:0px 0px 0px 0px;\npadding:0px 0px 0px 0px;\n}\n<\/style>\n<div  class='flex_column av-r48op-6a8e45363e2d72a617b81f7a687938f1 av_one_half  avia-builder-el-23  el_after_av_three_fifth  el_before_av_one_third  first flex_column_div av-zero-column-padding  '     ><\/div>\n\n<style type=\"text\/css\" data-created_by=\"avia_inline_auto\" id=\"style-css-av-na8bl-bdb3babdf3ddfd888beb6b61dd7f0431\">\n.flex_column.av-na8bl-bdb3babdf3ddfd888beb6b61dd7f0431{\nborder-radius:0px 0px 0px 0px;\npadding:0px 0px 0px 0px;\n}\n<\/style>\n<div  class='flex_column av-na8bl-bdb3babdf3ddfd888beb6b61dd7f0431 av_one_third  avia-builder-el-24  el_after_av_one_half  el_before_av_one_full  flex_column_div av-zero-column-padding  '     ><\/div>\n\n<style type=\"text\/css\" data-created_by=\"avia_inline_auto\" id=\"style-css-av-ehleh-bb68f515ecceaad9f424e3a286f6b543\">\n.flex_column.av-ehleh-bb68f515ecceaad9f424e3a286f6b543{\nborder-radius:0px 0px 0px 0px;\npadding:0px 0px 0px 0px;\n}\n<\/style>\n<div  class='flex_column av-ehleh-bb68f515ecceaad9f424e3a286f6b543 av_one_full  avia-builder-el-25  el_after_av_one_third  avia-builder-el-last  first flex_column_div av-zero-column-padding  column-top-margin'     ><\/div>\n","protected":false},"excerpt":{"rendered":"","protected":false},"author":4,"featured_media":0,"parent":0,"menu_order":8,"comment_status":"closed","ping_status":"closed","template":"","meta":{"footnotes":""},"class_list":["post-513","page","type-page","status-publish","hentry"],"_links":{"self":[{"href":"https:\/\/beltway.tur.ar\/travel\/wp-json\/wp\/v2\/pages\/513","targetHints":{"allow":["GET"]}}],"collection":[{"href":"https:\/\/beltway.tur.ar\/travel\/wp-json\/wp\/v2\/pages"}],"about":[{"href":"https:\/\/beltway.tur.ar\/travel\/wp-json\/wp\/v2\/types\/page"}],"author":[{"embeddable":true,"href":"https:\/\/beltway.tur.ar\/travel\/wp-json\/wp\/v2\/users\/4"}],"replies":[{"embeddable":true,"href":"https:\/\/beltway.tur.ar\/travel\/wp-json\/wp\/v2\/comments?post=513"}],"version-history":[{"count":114,"href":"https:\/\/beltway.tur.ar\/travel\/wp-json\/wp\/v2\/pages\/513\/revisions"}],"predecessor-version":[{"id":26157,"href":"https:\/\/beltway.tur.ar\/travel\/wp-json\/wp\/v2\/pages\/513\/revisions\/26157"}],"wp:attachment":[{"href":"https:\/\/beltway.tur.ar\/travel\/wp-json\/wp\/v2\/media?parent=513"}],"curies":[{"name":"wp","href":"https:\/\/api.w.org\/{rel}","templated":true}]}}